3310 a multiple of 11?
True
Is 122 a factor of 4556757?
False
Is 13 a factor of 10593297?
True
Does 16 divide 214376?
False
Does 561 divide 10965520?
False
Is 9094 a multiple of 3?
False
Is 18 a factor of 367164?
True
Is 432992 a multiple of 16?
True
Is 13 a factor of 86634?
False
Is 2720331 a multiple of 16?
False
Does 515 divide 270833?
False
Does 1454 divide 3453250?
True
Is 15 a factor of 5481480?
True
Is 6180350 a multiple of 110?
True
Is 253 a factor of 5763593?
True
Is 14 a factor of 1932201?
False
Does 173 divide 144282?
True
Does 8 divide 253594?
False
Is 27 a factor of 7430?
False
Is 90932 a multiple of 88?
False
Is 35 a factor of 1627185?
True
Is 15 a factor of 12600067?
False
Is 59 a factor of 2265836?
True
Is 72720 a multiple of 36?
True
Does 5 divide 185877?
False
Does 18 divide 7421220?
True
Does 93 divide 838806?
False
Is 16 a factor of 596779?
False
Is 22579 a multiple of 28?
False
Does 21 divide 1429071?
True
Does 41 divide 559403?
False
Is 132 a factor of 90618?
False
Is 338 a factor of 116948?
True
Is 373315 a multiple of 5?
True
Does 843 divide 5242617?
True
Is 112556 a multiple of 7?
False
Is 277 a factor of 13666349?
True
Is 113316 a multiple of 6?
True
Does 178 divide 3189417?
False
Is 9 a factor of 202077?
True
Is 749549 a multiple of 33?
False
Does 517 divide 465298?
False
Is 112896 a multiple of 256?
True
Is 467 a factor of 782225?
True
Is 39 a factor of 152616?
False
Is 5 a factor of 348670?
True
Is 2622432 a multiple of 96?
True
Is 495634 a multiple of 19?
True
Is 49 a factor of 171825?
False
Is 10 a factor of 2370?
True
Is 3 a factor of 220000?
False
Does 319 divide 4489811?
False
Does 43 divide 86903?
True
Is 20724870 a multiple of 255?
True
Does 4 divide 39161?
False
Does 30 divide 1315460?
False
Is 2490600 a multiple of 25?
True
Is 1028713 a multiple of 5?
False
Is 56 a factor of 23800?
True
Is 3 a factor of 36581?
False
Does 20 divide 1162585?
False
Does 219 divide 219395?
False
Is 301975 a multiple of 257?
True
Does 63 divide 91908?
False
Is 3802890 a multiple of 390?
True
Does 17 divide 13554261?
False
Does 8 divide 306472?
True
Is 45 a factor of 1926511?
False
Does 5 divide 388817?
False
Is 105 a factor of 565000?
False
Does 25 divide 12947250?
True
Is 69331 a multiple of 60?
False
Does 637 divide 10881867?
False
Is 798875 a multiple of 385?
True
Is 72800 a multiple of 325?
True
Is 45 a factor of 9301680?
True
Is 412 a factor of 6417866?
False
Does 12 divide 9179700?
True
Does 12 divide 5317865?
False
Is 586656 a multiple of 14?
True
Is 120734 a multiple of 22?
False
Is 93600 a multiple of 96?
True
Is 2584670 a multiple of 55?
True
Is 256900 a multiple of 14?
True
Does 12 divide 20892?
True
Is 17406672 a multiple of 411?
True
Does 11 divide 165209?
True
Does 21 divide 455167?
False
Is 425362 a multiple of 300?
False
Is 8 a factor of 2177856?
True
Does 256 divide 147953?
False
Does 2095 divide 26675635?
True
Is 27 a factor of 974182?
False
Does 48 divide 1350826?
False
Is 121742 a multiple of 42?
False
Is 1953677 a multiple of 1027?
False
Does 509 divide 1537180?
True
Is 316 a factor of 167164?
True
Does 130 divide 1320398?
False
Does 372 divide 326988?
True
Does 6 divide 121476?
True
Is 465 a factor of 876525?
True
Does 15 divide 5435956?
False
Is 3470414 a multiple of 76?
False
Is 83560 a multiple of 40?
True
Does 947 divide 1308619?
False
Is 325790 a multiple of 279?
False
Is 533300 a multiple of 2?
True
Is 673221 a multiple of 268?
False
Is 7 a factor of 9242?
False
Is 25 a factor of 2469750?
True
Does 30 divide 11610?
True
Is 122500 a multiple of 140?
True
Is 194 a factor of 828962?
True
Is 2658777 even?
False
Is 27636 a multiple of 564?
True
Is 621 a factor of 70806?
False
Is 1974744 a multiple of 208?
False
Is 14 a factor of 2758?
True
Is 79929 a multiple of 9?
True
Is 13203329 a multiple of 647?
True
Does 163 divide 17674?
False
Is 2090 a multiple of 10?
True
Is 81 a factor of 50566?
False
Is 623861 a multiple of 7?
True
Is 59 a factor of 67226?
False
Is 42 a factor of 6551706?
True
Does 76 divide 2210262?
False
Does 9 divide 372096?
True
Is 54 a factor of 554076?
False
Is 3 a factor of 29359?
False
Is 391 a factor of 612360?
False
Does 7 divide 4270326?
False
Does 457 divide 175945?
True
Is 397480 a multiple of 380?
True
Is 48364 a multiple of 113?
True
Is 7 a factor of 3691986?
False
Does 36 divide 12023424?
True
Is 88 a factor of 8564248?
True
Does 98 divide 1355144?
True
Is 5 a factor of 151074?
False
Is 83 a factor of 12170615?
False
Is 55 a factor of 1487165?
False
Is 117 a factor of 785553?
False
Is 23064286 a multiple of 21?
False
Is 1553321 even?
False
Is 1267920 a multiple of 720?
True
Is 73 a factor of 73338?
False
Is 57 a factor of 2619036?
True
Is 1670216 a multiple of 6?
False
Does 10 divide 236012?
False
Does 207 divide 511083?
True
Is 546093 a multiple of 283?
False
Is 373 a factor of 125328?
True
Is 401540 a multiple of 20?
True
Is 149350 a multiple of 103?
True
Is 10 a factor of 85000?
True
Is 9 a factor of 198306?
True
Does 2 divide 1712573?
False
Is 7116735 a multiple of 56?
False
Does 16 divide 5584?
True
Does 11 divide 605143?
True
Is 14735 a multiple of 5?
True
Does 10 divide 4795821?
False
Is 55 a factor of 123200?
True
Is 148 a factor of 5241124?
True
Is 192822 a multiple of 21?
True
Is 52 a factor of 3368967?
False
Does 29 divide 5728216?
False
Is 14 a factor of 47767?
False
Does 71 divide 10735291?
False
Is 699952 a multiple of 6?
False
Does 36 divide 66672?
True
Is 166080 a multiple of 20?
True
Is 590290 a multiple of 39?
False
Does 4 divide 6459?
False
Is 488187 a multiple of 147?
True
Does 589 divide 6574803?
False
Does 19 divide 9444?
False
Does 16 divide 21374?
False
Is 347528 a multiple of 41?
False
Does 21 divide 3101133?
True
Does 13 divide 111462?
True
Does 416 divide 7611552?
True
Is 119159 a multiple of 14?
False
Is 77 a factor of 133826?
True
Is 104 a factor of 633853?
False
Does 15 divide 6671609?
False
Is 272 a factor of 8944176?
True
Is 10 a factor of 93?
False
Is 13 a factor of 494821?
False
Is 544 a factor of 917728?
True
Is 117096 a multiple of 102?
True
Does 3 divide 70638?
True
Is 24570 even?
True
Is 81 a factor of 12843765?
True
Is 47 a factor of 3296543?
False
Is 2007499 a multiple of 8?
False
Is 30075003 a multiple of 74?
False
Does 207 divide 428642?
False
Does 63 divide 50463?
True
Is 913117 a multiple of 30?
False
Does 85 divide 3176705?
True
Is 22 a factor of 2206931?
False
Is 28 a factor of 416248?
True
Is 653224 a multiple of 286?
True
Is 53 a factor of 186498?
False
Does 19 divide 311741?
False
Is 822609 a multiple of 25?
False
Is 95280 a multiple of 14?
False
Does 49 divide 2264829?
True
Is 7813 a multiple of 31?
False
Is 5095880 a multiple of 46?
True
Is 30 a factor of 16260?
True
Does 16 divide 13689728?
True
Is 48 a factor of 24810?
False
Does 80 divide 8488708?
False
Is 83391 a multiple of 57?
True
Is 181290 a multiple of 10?
True
Is 876075 a multiple of 729?
False
Is 8096532 a multiple of 47?
False
Is 95917 a multiple of 285?
False
Is 529 a factor of 361307?
True
Is 124950 a multiple of 15?
True
Is 2143216 a multiple of 164?
False
Does 368 divide 7062288?
True
Does 13 divide 521378?
True
Is 8901141 a multiple of 78?
False
Is 5174785 a multiple of 77?
True
Is 2421600 a multiple of 30?
True
Does 10 divide 365312?
False
Is 323 a factor of 211485?
False
Does 127 divide 321691?
True
Is 195687 a multiple of 17?
True
Is 420 a factor of 386927?
False
Is 3 a factor of 43897?
False
Is 6652201 a multiple of 96?
False
Is 36120 a multiple of 35?
True
Is 10 a factor of 227455?
False
Does 32 divide 4308288?
True
Does 258 divide 951504?
True
Does 961 divide 7753010?
False
Does 22 divide 228448?
True
Does 209 divide 334340?
False
Is 9 a factor of 12482408?
False
Is 1459895 a multiple of 4?
False
Does 3 divide 5815?
False
Is 261604 a multiple of 101?
False
Is 804916 a multiple of 178?
True
Does 23 divide 3015139?
True
Does 32 divide 7675232?
True
Is 481800 a multiple of 11?
True
Does 8 divide 274278?
False
Is 22 a factor of 931311?
False
Is 3246448 a multiple of 16?
True
Is 1120936 a multiple of 244?
True
Is 1677713 a multiple of 58?
False
Is 6932382 a multiple of 59?
True
Is 190 a factor of 8839282?
False
Is 173 a factor of 187968?
False
Is 47955 a m